{"id":312,"date":"2023-07-18T10:33:43","date_gmt":"2023-07-18T10:33:43","guid":{"rendered":"https:\/\/cobengroup.com\/academy\/?page_id=312"},"modified":"2023-07-18T13:51:56","modified_gmt":"2023-07-18T13:51:56","slug":"declaracion-de-accesibilidad","status":"publish","type":"page","link":"https:\/\/cobengroup.com\/academy\/declaracion-de-accesibilidad\/","title":{"rendered":"Declaraci\u00f3n de Accesibilidad"},"content":{"rendered":"<p>[et_pb_section fb_built=\u00bb1&#8243; theme_builder_area=\u00bbpost_content\u00bb _builder_version=\u00bb4.21.0&#8243; _module_preset=\u00bbdefault\u00bb][et_pb_row _builder_version=\u00bb4.21.0&#8243; _module_preset=\u00bbdefault\u00bb theme_builder_area=\u00bbpost_content\u00bb][et_pb_column _builder_version=\u00bb4.21.0&#8243; _module_preset=\u00bbdefault\u00bb type=\u00bb4_4&#8243; theme_builder_area=\u00bbpost_content\u00bb][et_pb_text _builder_version=\u00bb4.21.0&#8243; _module_preset=\u00bbdefault\u00bb theme_builder_area=\u00bbpost_content\u00bb hover_enabled=\u00bb0&#8243; sticky_enabled=\u00bb0&#8243;]<\/p>\n<div class=\"et_pb_module et_pb_text et_pb_text_0  et_pb_text_align_left et_pb_bg_layout_light\">\n<h1 class=\"et_pb_text_inner\"><span id=\"ctl00_PlaceHolderMain_ldwTitle\">DECLARACI\u00d3N DE ACCESIBILIDAD<\/span><\/h1>\n<\/div>\n<div class=\"et_pb_module et_pb_text et_pb_text_1  et_pb_text_align_left et_pb_bg_layout_light\">\n<div class=\"et_pb_text_inner\">\n<p>La presente declaraci\u00f3n de accesibilidad se aplica al sitio web https:\/\/cobengroup.com\/academy\/<\/p>\n<p><strong>Situaci\u00f3n de cumplimiento<\/strong><\/p>\n<p>Este sitio web es\u00a0<strong>parcialmente conforme<\/strong>\u00a0con el Real Decreto 1112\/2018, de 7 de septiembre, debido a la falta de conformidad de los aspectos que se indican a continuaci\u00f3n.<\/p>\n<p><strong>Contenido no accesible<\/strong><\/p>\n<p>El contenido que se recoge a continuaci\u00f3n no es accesible por lo siguiente:<\/p>\n<ol class=\"listaLetras\">\n<li><strong>Falta de conformidad con el Real Decreto 1112\/2018, de 7 de septiembre<\/strong>: podr\u00edan existir fallos puntuales de edici\u00f3n en alguna p\u00e1gina web, tanto en contenidos HTML como en documentos finales, publicados en fecha posterior al 20 de septiembre de 2018 (fecha de entrada en vigor del Real Decreto 1112\/2018, de 7 de septiembre).\u00a0<\/li>\n<li><strong>Carga desproporcionada<\/strong>: no aplica.<\/li>\n<li>El contenido\u00a0<strong>no entra dentro del \u00e1mbito de la legislaci\u00f3n<\/strong>\u00a0aplicable: Existen archivos ofim\u00e1ticos en PDF u otros formatos publicados antes del 20 de septiembre de 2018 que no cumplen en su totalidad todos los requisitos de accesibilidad; tambi\u00e9n pueden estar en esa situaci\u00f3n contenidos de terceros no financiados, ni desarrollados, ni bajo el control de este Ministerio.<\/li>\n<\/ol>\n<p><strong>Preparaci\u00f3n de la presente declaraci\u00f3n de accesibilidad<\/strong><\/p>\n<p>La presente declaraci\u00f3n fue preparada el 18 de Julio de 2023.<\/p>\n<p>El m\u00e9todo empleado para preparar la declaraci\u00f3n ha sido una autoevaluaci\u00f3n llevada a cabo por OXO VENTURES.<\/p>\n<p>&nbsp;<\/p>\n<p><strong>Observaciones y datos de contacto<\/strong><\/p>\n<p>Puede realizar comunicaciones sobre requisitos de accesibilidad (art\u00edculo 10.2.a) del Real Decreto 1112\/2018, de 7 de septiembre) como, por ejemplo:<\/p>\n<ul>\n<li>Informar sobre cualquier posible incumplimiento por parte de este sitio web.<\/li>\n<li>Transmitir otras dificultades de acceso al contenido.<\/li>\n<li>Formular cualquier otra consulta o sugerencia de mejora relativa a la accesibilidad del sitio web.<\/li>\n<\/ul>\n<p>A trav\u00e9s de las siguientes v\u00edas:<\/p>\n<ul>\n<li>Correo electr\u00f3nico: info@cobengroup.com\/academy<\/li>\n<\/ul>\n<p><strong>Procedimiento de aplicaci\u00f3n<\/strong><\/p>\n<p>A trav\u00e9s de este procedimiento podr\u00e1 iniciar una reclamaci\u00f3n para conocer y oponerse a los motivos de la desestimaci\u00f3n de una solicitud de informaci\u00f3n accesible o queja, instar la adopci\u00f3n de las medidas oportunas en el caso de no estar de acuerdo con la decisi\u00f3n adoptada, o exponer las razones por las que se considera que la respuesta no cumple con los requisitos exigidos.<\/p>\n<p>Puede consultar en la p\u00e1gina de\u00a0Aviso Legal\u00a0para qu\u00e9 navegadores y versiones est\u00e1 optimizado este sitio web.<\/p>\n<\/div>\n<\/div>\n<p>[\/et_pb_text][\/et_pb_column][\/et_pb_row][\/et_pb_section]<\/p>\n","protected":false},"excerpt":{"rendered":"<p>DECLARACI\u00d3N DE ACCESIBILIDAD La presente declaraci\u00f3n de accesibilidad se aplica al sitio web https:\/\/cobengroup.com\/academy\/ Situaci\u00f3n de cumplimiento Este sitio web es\u00a0parcialmente conforme\u00a0con el Real Decreto 1112\/2018, de 7 de septiembre, debido a la falta de conformidad de los aspectos que se indican a continuaci\u00f3n. Contenido no accesible El contenido que se recoge a continuaci\u00f3n no [&hellip;]<\/p>\n","protected":false},"author":1,"featured_media":0,"parent":0,"menu_order":0,"comment_status":"closed","ping_status":"closed","template":"","meta":{"_et_pb_use_builder":"on","_et_pb_old_content":"","_et_gb_content_width":"","footnotes":""},"class_list":["post-312","page","type-page","status-publish","hentry"],"yoast_head":"<!-- This site is optimized with the Yoast SEO plugin v22.5 - https:\/\/yoast.com\/wordpress\/plugins\/seo\/ -->\n<title>Declaraci\u00f3n de Accesibilidad - Academy<\/title>\n<meta name=\"robots\" content=\"index, follow, max-snippet:-1, max-image-preview:large, max-video-preview:-1\" \/>\n<link rel=\"canonical\" href=\"https:\/\/cobengroup.com\/academy\/declaracion-de-accesibilidad\/\" \/>\n<meta property=\"og:locale\" content=\"es_ES\" \/>\n<meta property=\"og:type\" content=\"article\" \/>\n<meta property=\"og:title\" content=\"Declaraci\u00f3n de Accesibilidad - Academy\" \/>\n<meta property=\"og:description\" content=\"DECLARACI\u00d3N DE ACCESIBILIDAD La presente declaraci\u00f3n de accesibilidad se aplica al sitio web https:\/\/cobengroup.com\/academy\/ Situaci\u00f3n de cumplimiento Este sitio web es\u00a0parcialmente conforme\u00a0con el Real Decreto 1112\/2018, de 7 de septiembre, debido a la falta de conformidad de los aspectos que se indican a continuaci\u00f3n. Contenido no accesible El contenido que se recoge a continuaci\u00f3n no [&hellip;]\" \/>\n<meta property=\"og:url\" content=\"https:\/\/cobengroup.com\/academy\/declaracion-de-accesibilidad\/\" \/>\n<meta property=\"og:site_name\" content=\"Academy\" \/>\n<meta property=\"article:modified_time\" content=\"2023-07-18T13:51:56+00:00\" \/>\n<meta name=\"twitter:card\" content=\"summary_large_image\" \/>\n<meta name=\"twitter:label1\" content=\"Tiempo de lectura\" \/>\n\t<meta name=\"twitter:data1\" content=\"2 minutos\" \/>\n<script type=\"application\/ld+json\" class=\"yoast-schema-graph\">{\"@context\":\"https:\/\/schema.org\",\"@graph\":[{\"@type\":\"WebPage\",\"@id\":\"https:\/\/cobengroup.com\/academy\/declaracion-de-accesibilidad\/\",\"url\":\"https:\/\/cobengroup.com\/academy\/declaracion-de-accesibilidad\/\",\"name\":\"Declaraci\u00f3n de Accesibilidad - Academy\",\"isPartOf\":{\"@id\":\"https:\/\/cobengroup.com\/academy\/#website\"},\"datePublished\":\"2023-07-18T10:33:43+00:00\",\"dateModified\":\"2023-07-18T13:51:56+00:00\",\"breadcrumb\":{\"@id\":\"https:\/\/cobengroup.com\/academy\/declaracion-de-accesibilidad\/#breadcrumb\"},\"inLanguage\":\"es\",\"potentialAction\":[{\"@type\":\"ReadAction\",\"target\":[\"https:\/\/cobengroup.com\/academy\/declaracion-de-accesibilidad\/\"]}]},{\"@type\":\"BreadcrumbList\",\"@id\":\"https:\/\/cobengroup.com\/academy\/declaracion-de-accesibilidad\/#breadcrumb\",\"itemListElement\":[{\"@type\":\"ListItem\",\"position\":1,\"name\":\"Portada\",\"item\":\"https:\/\/cobengroup.com\/academy\/\"},{\"@type\":\"ListItem\",\"position\":2,\"name\":\"Declaraci\u00f3n de Accesibilidad\"}]},{\"@type\":\"WebSite\",\"@id\":\"https:\/\/cobengroup.com\/academy\/#website\",\"url\":\"https:\/\/cobengroup.com\/academy\/\",\"name\":\"Academy\",\"description\":\"Para Inversores &amp; Business Angels\",\"publisher\":{\"@id\":\"https:\/\/cobengroup.com\/academy\/#organization\"},\"potentialAction\":[{\"@type\":\"SearchAction\",\"target\":{\"@type\":\"EntryPoint\",\"urlTemplate\":\"https:\/\/cobengroup.com\/academy\/?s={search_term_string}\"},\"query-input\":\"required name=search_term_string\"}],\"inLanguage\":\"es\"},{\"@type\":\"Organization\",\"@id\":\"https:\/\/cobengroup.com\/academy\/#organization\",\"name\":\"Academy\",\"url\":\"https:\/\/cobengroup.com\/academy\/\",\"logo\":{\"@type\":\"ImageObject\",\"inLanguage\":\"es\",\"@id\":\"https:\/\/cobengroup.com\/academy\/#\/schema\/logo\/image\/\",\"url\":\"https:\/\/cobengroup.com\/academy\/wp-content\/uploads\/2023\/06\/LOGO-COBEN.png\",\"contentUrl\":\"https:\/\/cobengroup.com\/academy\/wp-content\/uploads\/2023\/06\/LOGO-COBEN.png\",\"width\":472,\"height\":108,\"caption\":\"Academy\"},\"image\":{\"@id\":\"https:\/\/cobengroup.com\/academy\/#\/schema\/logo\/image\/\"},\"sameAs\":[\"https:\/\/www.linkedin.com\/company\/coben-club\/\"]}]}<\/script>\n<!-- \/ Yoast SEO plugin. -->","yoast_head_json":{"title":"Declaraci\u00f3n de Accesibilidad - Academy","robots":{"index":"index","follow":"follow","max-snippet":"max-snippet:-1","max-image-preview":"max-image-preview:large","max-video-preview":"max-video-preview:-1"},"canonical":"https:\/\/cobengroup.com\/academy\/declaracion-de-accesibilidad\/","og_locale":"es_ES","og_type":"article","og_title":"Declaraci\u00f3n de Accesibilidad - Academy","og_description":"DECLARACI\u00d3N DE ACCESIBILIDAD La presente declaraci\u00f3n de accesibilidad se aplica al sitio web https:\/\/cobengroup.com\/academy\/ Situaci\u00f3n de cumplimiento Este sitio web es\u00a0parcialmente conforme\u00a0con el Real Decreto 1112\/2018, de 7 de septiembre, debido a la falta de conformidad de los aspectos que se indican a continuaci\u00f3n. Contenido no accesible El contenido que se recoge a continuaci\u00f3n no [&hellip;]","og_url":"https:\/\/cobengroup.com\/academy\/declaracion-de-accesibilidad\/","og_site_name":"Academy","article_modified_time":"2023-07-18T13:51:56+00:00","twitter_card":"summary_large_image","twitter_misc":{"Tiempo de lectura":"2 minutos"},"schema":{"@context":"https:\/\/schema.org","@graph":[{"@type":"WebPage","@id":"https:\/\/cobengroup.com\/academy\/declaracion-de-accesibilidad\/","url":"https:\/\/cobengroup.com\/academy\/declaracion-de-accesibilidad\/","name":"Declaraci\u00f3n de Accesibilidad - Academy","isPartOf":{"@id":"https:\/\/cobengroup.com\/academy\/#website"},"datePublished":"2023-07-18T10:33:43+00:00","dateModified":"2023-07-18T13:51:56+00:00","breadcrumb":{"@id":"https:\/\/cobengroup.com\/academy\/declaracion-de-accesibilidad\/#breadcrumb"},"inLanguage":"es","potentialAction":[{"@type":"ReadAction","target":["https:\/\/cobengroup.com\/academy\/declaracion-de-accesibilidad\/"]}]},{"@type":"BreadcrumbList","@id":"https:\/\/cobengroup.com\/academy\/declaracion-de-accesibilidad\/#breadcrumb","itemListElement":[{"@type":"ListItem","position":1,"name":"Portada","item":"https:\/\/cobengroup.com\/academy\/"},{"@type":"ListItem","position":2,"name":"Declaraci\u00f3n de Accesibilidad"}]},{"@type":"WebSite","@id":"https:\/\/cobengroup.com\/academy\/#website","url":"https:\/\/cobengroup.com\/academy\/","name":"Academy","description":"Para Inversores &amp; Business Angels","publisher":{"@id":"https:\/\/cobengroup.com\/academy\/#organization"},"potentialAction":[{"@type":"SearchAction","target":{"@type":"EntryPoint","urlTemplate":"https:\/\/cobengroup.com\/academy\/?s={search_term_string}"},"query-input":"required name=search_term_string"}],"inLanguage":"es"},{"@type":"Organization","@id":"https:\/\/cobengroup.com\/academy\/#organization","name":"Academy","url":"https:\/\/cobengroup.com\/academy\/","logo":{"@type":"ImageObject","inLanguage":"es","@id":"https:\/\/cobengroup.com\/academy\/#\/schema\/logo\/image\/","url":"https:\/\/cobengroup.com\/academy\/wp-content\/uploads\/2023\/06\/LOGO-COBEN.png","contentUrl":"https:\/\/cobengroup.com\/academy\/wp-content\/uploads\/2023\/06\/LOGO-COBEN.png","width":472,"height":108,"caption":"Academy"},"image":{"@id":"https:\/\/cobengroup.com\/academy\/#\/schema\/logo\/image\/"},"sameAs":["https:\/\/www.linkedin.com\/company\/coben-club\/"]}]}},"jetpack_sharing_enabled":true,"_links":{"self":[{"href":"https:\/\/cobengroup.com\/academy\/wp-json\/wp\/v2\/pages\/312","targetHints":{"allow":["GET"]}}],"collection":[{"href":"https:\/\/cobengroup.com\/academy\/wp-json\/wp\/v2\/pages"}],"about":[{"href":"https:\/\/cobengroup.com\/academy\/wp-json\/wp\/v2\/types\/page"}],"author":[{"embeddable":true,"href":"https:\/\/cobengroup.com\/academy\/wp-json\/wp\/v2\/users\/1"}],"replies":[{"embeddable":true,"href":"https:\/\/cobengroup.com\/academy\/wp-json\/wp\/v2\/comments?post=312"}],"version-history":[{"count":2,"href":"https:\/\/cobengroup.com\/academy\/wp-json\/wp\/v2\/pages\/312\/revisions"}],"predecessor-version":[{"id":321,"href":"https:\/\/cobengroup.com\/academy\/wp-json\/wp\/v2\/pages\/312\/revisions\/321"}],"wp:attachment":[{"href":"https:\/\/cobengroup.com\/academy\/wp-json\/wp\/v2\/media?parent=312"}],"curies":[{"name":"wp","href":"https:\/\/api.w.org\/{rel}","templated":true}]}}